{"id":2939,"date":"2021-10-02T13:59:48","date_gmt":"2021-10-02T10:59:48","guid":{"rendered":"https:\/\/emoistanbul.org\/emanet2021\/?page_id=2939"},"modified":"2021-11-17T14:21:27","modified_gmt":"2021-11-17T11:21:27","slug":"konusmacilar","status":"publish","type":"page","link":"https:\/\/emoistanbul.org\/emanet2021\/konusmacilar\/","title":{"rendered":"KONU\u015eMACILAR"},"content":{"rendered":"<p><div class=\"fusion-fullwidth fullwidth-box fusion-builder-row-1 fusion-flex-container nonhundred-percent-fullwidth non-hundred-percent-height-scrolling\" style=\"background-color: #faf9f8;background-position: left top;background-repeat: no-repeat;border-width: 0px 0px 0px 0px;border-color:#e7e4e2;border-style:solid;\" ><div class=\"fusion-builder-row fusion-row fusion-flex-align-items-flex-start\" style=\"max-width:1331.2px;margin-left: calc(-4% \/ 2 );margin-right: calc(-4% \/ 2 );\"><div class=\"fusion-layout-column fusion_builder_column fusion-builder-column-0 fusion_builder_column_1_1 1_1 fusion-flex-column\"><div class=\"fusion-column-wrapper fusion-flex-justify-content-flex-start fusion-content-layout-column\" style=\"background-position:left top;background-repeat:no-repeat;-webkit-background-size:cover;-moz-background-size:cover;-o-background-size:cover;background-size:cover;padding: 0px 0px 0px 0px;\"><div class=\"fusion-builder-row fusion-builder-row-inner fusion-row fusion-flex-align-items-flex-start\" style=\"width:104% !important;max-width:104% !important;margin-left: calc(-4% \/ 2 );margin-right: calc(-4% \/ 2 );\"><div class=\"fusion-layout-column fusion_builder_column_inner fusion-builder-nested-column-0 fusion_builder_column_inner_1_5 1_5 fusion-flex-column\"><div class=\"fusion-column-wrapper fusion-flex-justify-content-flex-start fusion-content-layout-column\" style=\"background-position:left top;background-repeat:no-repeat;-webkit-background-size:cover;-moz-background-size:cover;-o-background-size:cover;background-size:cover;padding: 0px 0px 0px 0px;\"><div ><span class=\" fusion-imageframe imageframe-none imageframe-1 hover-type-none\"><img decoding=\"async\" width=\"227\" height=\"300\" title=\"Theodora-Scarato\" src=\"https:\/\/emoistanbul.org\/emanet2021\/wp-content\/uploads\/2021\/11\/Theodora-Scarato.jpeg\" data-orig-src=\"https:\/\/emoistanbul.org\/emanet2021\/wp-content\/uploads\/2021\/11\/Theodora-Scarato-227x300.jpeg\" alt class=\"lazyload img-responsive wp-image-3120\" srcset=\"data:image\/svg+xml,%3Csvg%20xmlns%3D%27http%3A%2F%2Fwww.w3.org%2F2000%2Fsvg%27%20width%3D%27640%27%20height%3D%27844%27%20viewBox%3D%270%200%20640%20844%27%3E%3Crect%20width%3D%27640%27%20height%3D%27844%27%20fill-opacity%3D%220%22%2F%3E%3C%2Fsvg%3E\" data-srcset=\"https:\/\/emoistanbul.org\/emanet2021\/wp-content\/uploads\/2021\/11\/Theodora-Scarato-200x264.jpeg 200w, https:\/\/emoistanbul.org\/emanet2021\/wp-content\/uploads\/2021\/11\/Theodora-Scarato-400x528.jpeg 400w, https:\/\/emoistanbul.org\/emanet2021\/wp-content\/uploads\/2021\/11\/Theodora-Scarato-600x791.jpeg 600w, https:\/\/emoistanbul.org\/emanet2021\/wp-content\/uploads\/2021\/11\/Theodora-Scarato.jpeg 640w\" data-sizes=\"auto\" data-orig-sizes=\"(max-width: 1024px) 100vw, (max-width: 640px) 100vw, 400px\" \/><\/span><\/div><\/div><style type=\"text\/css\">.fusion-body .fusion-builder-nested-column-0{width:20% !important;margin-top : 10px;margin-bottom : 10px;}.fusion-builder-nested-column-0 > .fusion-column-wrapper {padding-top : 0px !important;padding-right : 0px !important;margin-right : 9.6%;padding-bottom : 0px !important;padding-left : 0px !important;margin-left : 9.6%;}@media only screen and (max-width:1024px) {.fusion-body .fusion-builder-nested-column-0{width:100% !important;order : 0;}.fusion-builder-nested-column-0 > .fusion-column-wrapper {margin-right : 1.92%;margin-left : 1.92%;}}@media only screen and (max-width:640px) {.fusion-body .fusion-builder-nested-column-0{width:100% !important;order : 0;}.fusion-builder-nested-column-0 > .fusion-column-wrapper {margin-right : 1.92%;margin-left : 1.92%;}}<\/style><\/div><div class=\"fusion-layout-column fusion_builder_column_inner fusion-builder-nested-column-1 fusion_builder_column_inner_4_5 4_5 fusion-flex-column\"><div class=\"fusion-column-wrapper fusion-flex-justify-content-flex-start fusion-content-layout-column\" style=\"background-position:left top;background-repeat:no-repeat;-webkit-background-size:cover;-moz-background-size:cover;-o-background-size:cover;background-size:cover;padding: 0px 0px 0px 0px;\"><div class=\"fusion-text fusion-text-1\"><h3>Theodora SCARATO (MSW)<\/h3>\n<\/div><div class=\"fusion-text fusion-text-2\"><p>Theodora Scarato MSW, \u00e7evre sa\u011fl\u0131\u011f\u0131 konular\u0131nda ara\u015ft\u0131rmalar yay\u0131nlayan ve e\u011fitimler d\u00fczenleyen bilimsel d\u00fc\u015f\u00fcnce kurulu\u015fu olan \u00c7evre Sa\u011fl\u0131\u011f\u0131 Vakf\u0131&#8217;n\u0131n (EHT) icra direkt\u00f6r\u00fcd\u00fcr. EHT bilim insanlar\u0131, d\u00fcnya \u00e7ap\u0131nda kablosuz eri\u015fimin azalt\u0131lmas\u0131 \u00e7a\u011fr\u0131s\u0131nda bulunan \u00f6nde gelen ba\u011f\u0131ms\u0131z sesler aras\u0131ndad\u0131r. Scarato, EHT e\u011fitim programlar\u0131n\u0131 y\u00f6netmekte, ara\u015ft\u0131rmalar yay\u0131nlamakta ve EHT&#8217;nin k\u0131demli bilim insanlar\u0131 ile birlikte ABD&#8217;de ve uluslararas\u0131 alanda bilimsel konferans ve programlar\u0131 koordine etmektedir. Scarato, elektromanyetik alan politikalar\u0131 \u00fczerine \u00e7e\u015fitli makaleler yay\u0131nlam\u0131\u015f ve uluslararas\u0131 eylemlere ili\u015fkin \u00f6nde gelen bir politika analisti ve ara\u015ft\u0131rmac\u0131s\u0131d\u0131r.<\/p>\n<\/div><\/div><style type=\"text\/css\">.fusion-body .fusion-builder-nested-column-1{width:80% !important;margin-top : 10px;margin-bottom : 10px;}.fusion-builder-nested-column-1 > .fusion-column-wrapper {padding-top : 0px !important;padding-right : 0px !important;margin-right : 2.4%;padding-bottom : 0px !important;padding-left : 0px !important;margin-left : 2.4%;}@media only screen and (max-width:1024px) {.fusion-body .fusion-builder-nested-column-1{width:100% !important;order : 0;}.fusion-builder-nested-column-1 > .fusion-column-wrapper {margin-right : 1.92%;margin-left : 1.92%;}}@media only screen and (max-width:640px) {.fusion-body .fusion-builder-nested-column-1{width:100% !important;order : 0;}.fusion-builder-nested-column-1 > .fusion-column-wrapper {margin-right : 1.92%;margin-left : 1.92%;}}<\/style><\/div><\/div><\/div><style type=\"text\/css\">.fusion-body .fusion-builder-column-0{width:100% !important;margin-top : 10px;margin-bottom : 10px;}.fusion-builder-column-0 > .fusion-column-wrapper {padding-top : 0px !important;padding-right : 0px !important;margin-right : 1.92%;padding-bottom : 0px !important;padding-left : 0px !important;margin-left : 1.92%;}@media only screen and (max-width:1024px) {.fusion-body .fusion-builder-column-0{width:100% !important;order : 0;}.fusion-builder-column-0 > .fusion-column-wrapper {margin-right : 1.92%;margin-left : 1.92%;}}@media only screen and (max-width:640px) {.fusion-body .fusion-builder-column-0{width:100% !important;order : 0;}.fusion-builder-column-0 > .fusion-column-wrapper {margin-right : 1.92%;margin-left : 1.92%;}}<\/style><\/div><\/div><style type=\"text\/css\">.fusion-body .fusion-flex-container.fusion-builder-row-1{ padding-top : 60px;margin-top : 0px;padding-right : 0px;padding-bottom : 70px;margin-bottom : 0px;padding-left : 0px;}<\/style><\/div><div class=\"fusion-fullwidth fullwidth-box fusion-builder-row-2 fusion-flex-container nonhundred-percent-fullwidth non-hundred-percent-height-scrolling\" style=\"background-color: #faf9f8;background-position: left top;background-repeat: no-repeat;border-width: 0px 0px 0px 0px;border-color:#e7e4e2;border-style:solid;\" ><div class=\"fusion-builder-row fusion-row fusion-flex-align-items-flex-start\" style=\"max-width:1331.2px;margin-left: calc(-4% \/ 2 );margin-right: calc(-4% \/ 2 );\"><div class=\"fusion-layout-column fusion_builder_column fusion-builder-column-1 fusion_builder_column_1_1 1_1 fusion-flex-column\"><div class=\"fusion-column-wrapper fusion-flex-justify-content-flex-start fusion-content-layout-column\" style=\"background-position:left top;background-repeat:no-repeat;-webkit-background-size:cover;-moz-background-size:cover;-o-background-size:cover;background-size:cover;padding: 0px 0px 0px 0px;\"><div class=\"fusion-builder-row fusion-builder-row-inner fusion-row fusion-flex-align-items-flex-start\" style=\"width:104% !important;max-width:104% !important;margin-left: calc(-4% \/ 2 );margin-right: calc(-4% \/ 2 );\"><div class=\"fusion-layout-column fusion_builder_column_inner fusion-builder-nested-column-2 fusion_builder_column_inner_1_5 1_5 fusion-flex-column\"><div class=\"fusion-column-wrapper fusion-flex-justify-content-flex-start fusion-content-layout-column\" style=\"background-position:left top;background-repeat:no-repeat;-webkit-background-size:cover;-moz-background-size:cover;-o-background-size:cover;background-size:cover;padding: 0px 0px 0px 0px;\"><div style=\"text-align:center;\"><span class=\" fusion-imageframe imageframe-none imageframe-2 hover-type-none\"><img decoding=\"async\" width=\"177\" height=\"231\" title=\"Resim12\" src=\"data:image\/svg+xml,%3Csvg%20xmlns%3D%27http%3A%2F%2Fwww.w3.org%2F2000%2Fsvg%27%20width%3D%27177%27%20height%3D%27231%27%20viewBox%3D%270%200%20177%20231%27%3E%3Crect%20width%3D%27177%27%20height%3D%27231%27%20fill-opacity%3D%220%22%2F%3E%3C%2Fsvg%3E\" data-orig-src=\"https:\/\/emoistanbul.org\/emanet2021\/wp-content\/uploads\/2021\/10\/Resim12.png\" alt class=\"lazyload img-responsive wp-image-2955\"\/><\/span><\/div><\/div><style type=\"text\/css\">.fusion-body .fusion-builder-nested-column-2{width:20% !important;margin-top : 10px;margin-bottom : 10px;}.fusion-builder-nested-column-2 > .fusion-column-wrapper {padding-top : 0px !important;padding-right : 0px !important;margin-right : 9.6%;padding-bottom : 0px !important;padding-left : 0px !important;margin-left : 9.6%;}@media only screen and (max-width:1024px) {.fusion-body .fusion-builder-nested-column-2{width:100% !important;order : 0;}.fusion-builder-nested-column-2 > .fusion-column-wrapper {margin-right : 1.92%;margin-left : 1.92%;}}@media only screen and (max-width:640px) {.fusion-body .fusion-builder-nested-column-2{width:100% !important;order : 0;}.fusion-builder-nested-column-2 > .fusion-column-wrapper {margin-right : 1.92%;margin-left : 1.92%;}}<\/style><\/div><div class=\"fusion-layout-column fusion_builder_column_inner fusion-builder-nested-column-3 fusion_builder_column_inner_4_5 4_5 fusion-flex-column\"><div class=\"fusion-column-wrapper fusion-flex-justify-content-flex-start fusion-content-layout-column\" style=\"background-position:left top;background-repeat:no-repeat;-webkit-background-size:cover;-moz-background-size:cover;-o-background-size:cover;background-size:cover;padding: 0px 0px 0px 0px;\"><div class=\"fusion-text fusion-text-3\"><h3>Dr. Alberto MODENESE<\/h3>\n<\/div><div class=\"fusion-text fusion-text-4\"><p>Alberto Modenese Bologna \u00dcniversitesi T\u0131p ve Cerrahi B\u00f6l\u00fcm\u00fcnden mezun oldu, Modena ve Reggio Emilia \u00dcniversitesinde &#8220;\u0130\u015f Hekimli\u011fi&#8221; alan\u0131nda uzmanla\u015ft\u0131. Temmuz 2014 ten bu yana yetkin doktor, May\u0131s 2016 dan bu yana yetkili doktor olarak kay\u0131tl\u0131d\u0131r. 2008 den beri \u0130\u015f Hekimli\u011fi ve Ergonomi alanlar\u0131nda \u00f6zellikle &#8220;fiziksel, kimyasal ve ergonomik etmenlere maruziyet&#8221; konusunda \u00e7al\u0131\u015fmalar y\u00fcr\u00fctm\u00fc\u015ft\u00fcr. Halen ara\u015ft\u0131rma doktoru aday\u0131 olarak 2014 ten bu yana Modena ve Reggio Emilia \u00dcniversitesinde Klinik ve Deneysel T\u0131p E\u011fitimi kapsam\u0131nda &#8220;ultraviyole radyasyona mesleki maruziyetin tahmini ve maruz kalan i\u015f\u00e7ilerde olas\u0131 olumsuz sa\u011fl\u0131k etkilerinin \u00f6nlenmesi&#8221; konusunda ara\u015ft\u0131rma projesi y\u00fcr\u00fctmektedir. Dr. MODENESE etkinlikte \u2018\u2019Elektromanyetik Alanlara Maruz Kalan \u0130\u015f\u00e7ilerin Sa\u011fl\u0131k G\u00f6zetimi\u2019\u2019 kapsam\u0131nda konu\u015fma yapacakt\u0131r.<\/p>\n<\/div><\/div><style type=\"text\/css\">.fusion-body .fusion-builder-nested-column-3{width:80% !important;margin-top : 10px;margin-bottom : 10px;}.fusion-builder-nested-column-3 > .fusion-column-wrapper {padding-top : 0px !important;padding-right : 0px !important;margin-right : 2.4%;padding-bottom : 0px !important;padding-left : 0px !important;margin-left : 2.4%;}@media only screen and (max-width:1024px) {.fusion-body .fusion-builder-nested-column-3{width:100% !important;order : 0;}.fusion-builder-nested-column-3 > .fusion-column-wrapper {margin-right : 1.92%;margin-left : 1.92%;}}@media only screen and (max-width:640px) {.fusion-body .fusion-builder-nested-column-3{width:100% !important;order : 0;}.fusion-builder-nested-column-3 > .fusion-column-wrapper {margin-right : 1.92%;margin-left : 1.92%;}}<\/style><\/div><\/div><\/div><style type=\"text\/css\">.fusion-body .fusion-builder-column-1{width:100% !important;margin-top : 10px;margin-bottom : 10px;}.fusion-builder-column-1 > .fusion-column-wrapper {padding-top : 0px !important;padding-right : 0px !important;margin-right : 1.92%;padding-bottom : 0px !important;padding-left : 0px !important;margin-left : 1.92%;}@media only screen and (max-width:1024px) {.fusion-body .fusion-builder-column-1{width:100% !important;order : 0;}.fusion-builder-column-1 > .fusion-column-wrapper {margin-right : 1.92%;margin-left : 1.92%;}}@media only screen and (max-width:640px) {.fusion-body .fusion-builder-column-1{width:100% !important;order : 0;}.fusion-builder-column-1 > .fusion-column-wrapper {margin-right : 1.92%;margin-left : 1.92%;}}<\/style><\/div><\/div><style type=\"text\/css\">.fusion-body .fusion-flex-container.fusion-builder-row-2{ padding-top : 60px;margin-top : 0px;padding-right : 0px;padding-bottom : 70px;margin-bottom : 0px;padding-left : 0px;}<\/style><\/div><div class=\"fusion-fullwidth fullwidth-box fusion-builder-row-3 fusion-flex-container nonhundred-percent-fullwidth non-hundred-percent-height-scrolling\" style=\"background-color: #faf9f8;background-position: left top;background-repeat: no-repeat;border-width: 0px 0px 0px 0px;border-color:#e7e4e2;border-style:solid;\" ><div class=\"fusion-builder-row fusion-row fusion-flex-align-items-flex-start\" style=\"max-width:1331.2px;margin-left: calc(-4% \/ 2 );margin-right: calc(-4% \/ 2 );\"><div class=\"fusion-layout-column fusion_builder_column fusion-builder-column-2 fusion_builder_column_1_1 1_1 fusion-flex-column\"><div class=\"fusion-column-wrapper fusion-flex-justify-content-flex-start fusion-content-layout-column\" style=\"background-position:left top;background-repeat:no-repeat;-webkit-background-size:cover;-moz-background-size:cover;-o-background-size:cover;background-size:cover;padding: 0px 0px 0px 0px;\"><div class=\"fusion-builder-row fusion-builder-row-inner fusion-row fusion-flex-align-items-flex-start\" style=\"width:104% !important;max-width:104% !important;margin-left: calc(-4% \/ 2 );margin-right: calc(-4% \/ 2 );\"><div class=\"fusion-layout-column fusion_builder_column_inner fusion-builder-nested-column-4 fusion_builder_column_inner_1_5 1_5 fusion-flex-column\"><div class=\"fusion-column-wrapper fusion-flex-justify-content-flex-start fusion-content-layout-column\" style=\"background-position:left top;background-repeat:no-repeat;-webkit-background-size:cover;-moz-background-size:cover;-o-background-size:cover;background-size:cover;padding: 0px 0px 0px 0px;\"><div style=\"text-align:center;\"><span class=\" fusion-imageframe imageframe-none imageframe-3 hover-type-none\"><img decoding=\"async\" width=\"306\" height=\"364\" title=\"Resim13\" src=\"https:\/\/emoistanbul.org\/emanet2021\/wp-content\/uploads\/2021\/10\/Resim13.png\" data-orig-src=\"https:\/\/emoistanbul.org\/emanet2021\/wp-content\/uploads\/2021\/10\/Resim13.png\" alt class=\"lazyload img-responsive wp-image-2956\" srcset=\"data:image\/svg+xml,%3Csvg%20xmlns%3D%27http%3A%2F%2Fwww.w3.org%2F2000%2Fsvg%27%20width%3D%27306%27%20height%3D%27364%27%20viewBox%3D%270%200%20306%20364%27%3E%3Crect%20width%3D%27306%27%20height%3D%27364%27%20fill-opacity%3D%220%22%2F%3E%3C%2Fsvg%3E\" data-srcset=\"https:\/\/emoistanbul.org\/emanet2021\/wp-content\/uploads\/2021\/10\/Resim13-200x238.png 200w, https:\/\/emoistanbul.org\/emanet2021\/wp-content\/uploads\/2021\/10\/Resim13.png 306w\" data-sizes=\"auto\" data-orig-sizes=\"(max-width: 1024px) 100vw, (max-width: 640px) 100vw, 306px\" \/><\/span><\/div><\/div><style type=\"text\/css\">.fusion-body .fusion-builder-nested-column-4{width:20% !important;margin-top : 10px;margin-bottom : 10px;}.fusion-builder-nested-column-4 > .fusion-column-wrapper {padding-top : 0px !important;padding-right : 0px !important;margin-right : 9.6%;padding-bottom : 0px !important;padding-left : 0px !important;margin-left : 9.6%;}@media only screen and (max-width:1024px) {.fusion-body .fusion-builder-nested-column-4{width:100% !important;order : 0;}.fusion-builder-nested-column-4 > .fusion-column-wrapper {margin-right : 1.92%;margin-left : 1.92%;}}@media only screen and (max-width:640px) {.fusion-body .fusion-builder-nested-column-4{width:100% !important;order : 0;}.fusion-builder-nested-column-4 > .fusion-column-wrapper {margin-right : 1.92%;margin-left : 1.92%;}}<\/style><\/div><div class=\"fusion-layout-column fusion_builder_column_inner fusion-builder-nested-column-5 fusion_builder_column_inner_4_5 4_5 fusion-flex-column\"><div class=\"fusion-column-wrapper fusion-flex-justify-content-flex-start fusion-content-layout-column\" style=\"background-position:left top;background-repeat:no-repeat;-webkit-background-size:cover;-moz-background-size:cover;-o-background-size:cover;background-size:cover;padding: 0px 0px 0px 0px;\"><div class=\"fusion-text fusion-text-5\"><h3>Henry LAI (Ph. D. MPH)<\/h3>\n<\/div><div class=\"fusion-text fusion-text-6\"><p>Uzun y\u0131llar Washington \u00dcniversitesi\u2019nde ara\u015ft\u0131rmalar\u0131n\u0131 s\u00fcrd\u00fcren Prof. Lai hala ayn\u0131 \u00fcniversitede Emeritus Profes\u00f6r olarak \u00e7al\u0131\u015fmaktad\u0131r. &#8220;Electromagnetic Biology and Medicine&#8221; Dergisinin edit\u00f6r\u00fcd\u00fcr. Elektromanyetik alanlar\u0131n biyolojik etkileri konusunda, etki de\u011feri y\u00fcksek dergilerde bas\u0131lm\u0131\u015f \u00e7ok say\u0131da makalesi bulunan Prof. Lai ayn\u0131 zamanda uluslararas\u0131 toplant\u0131lara s\u0131k\u00e7a davet edilen bir konu\u015fmac\u0131d\u0131r. En \u00e7arp\u0131c\u0131 \u00e7al\u0131\u015fmalar\u0131, kablosuz ileti\u015fimde kullan\u0131lan (Cep telefonlar\u0131 vb.) radyofrekans radyasyonlar\u0131n s\u0131\u00e7an beyinlerinde DNA\u2019 hasar\u0131 olu\u015fturdu\u011funa ili\u015fkin ara\u015ft\u0131rmalard\u0131r. \u201cElektromanyetik kirlilik ve \u00e7evre\u201d \u00fczerine \u00e7al\u0131\u015fmalar\u0131n\u0131 yo\u011funla\u015ft\u0131ran Prof. Lai, bu etkinli\u011fimizde \u201cElektromanyetik Alanlar\u0131n Ya\u015fam \u00dczerine (Flora ve Fauna) konusunu ele alacak ve \u00f6nerilerde bulunacakt\u0131r.<\/p>\n<\/div><\/div><style type=\"text\/css\">.fusion-body .fusion-builder-nested-column-5{width:80% !important;margin-top : 10px;margin-bottom : 10px;}.fusion-builder-nested-column-5 > .fusion-column-wrapper {padding-top : 0px !important;padding-right : 0px !important;margin-right : 2.4%;padding-bottom : 0px !important;padding-left : 0px !important;margin-left : 2.4%;}@media only screen and (max-width:1024px) {.fusion-body .fusion-builder-nested-column-5{width:100% !important;order : 0;}.fusion-builder-nested-column-5 > .fusion-column-wrapper {margin-right : 1.92%;margin-left : 1.92%;}}@media only screen and (max-width:640px) {.fusion-body .fusion-builder-nested-column-5{width:100% !important;order : 0;}.fusion-builder-nested-column-5 > .fusion-column-wrapper {margin-right : 1.92%;margin-left : 1.92%;}}<\/style><\/div><\/div><\/div><style type=\"text\/css\">.fusion-body .fusion-builder-column-2{width:100% !important;margin-top : 10px;margin-bottom : 10px;}.fusion-builder-column-2 > .fusion-column-wrapper {padding-top : 0px !important;padding-right : 0px !important;margin-right : 1.92%;padding-bottom : 0px !important;padding-left : 0px !important;margin-left : 1.92%;}@media only screen and (max-width:1024px) {.fusion-body .fusion-builder-column-2{width:100% !important;order : 0;}.fusion-builder-column-2 > .fusion-column-wrapper {margin-right : 1.92%;margin-left : 1.92%;}}@media only screen and (max-width:640px) {.fusion-body .fusion-builder-column-2{width:100% !important;order : 0;}.fusion-builder-column-2 > .fusion-column-wrapper {margin-right : 1.92%;margin-left : 1.92%;}}<\/style><\/div><\/div><style type=\"text\/css\">.fusion-body .fusion-flex-container.fusion-builder-row-3{ padding-top : 60px;margin-top : 0px;padding-right : 0px;padding-bottom : 70px;margin-bottom : 0px;padding-left : 0px;}<\/style><\/div><\/p>\n","protected":false},"excerpt":{"rendered":"","protected":false},"author":1,"featured_media":0,"parent":0,"menu_order":0,"comment_status":"closed","ping_status":"closed","template":"100-width.php","meta":{"footnotes":""},"class_list":["post-2939","page","type-page","status-publish","hentry"],"_links":{"self":[{"href":"https:\/\/emoistanbul.org\/emanet2021\/wp-json\/wp\/v2\/pages\/2939","targetHints":{"allow":["GET"]}}],"collection":[{"href":"https:\/\/emoistanbul.org\/emanet2021\/wp-json\/wp\/v2\/pages"}],"about":[{"href":"https:\/\/emoistanbul.org\/emanet2021\/wp-json\/wp\/v2\/types\/page"}],"author":[{"embeddable":true,"href":"https:\/\/emoistanbul.org\/emanet2021\/wp-json\/wp\/v2\/users\/1"}],"replies":[{"embeddable":true,"href":"https:\/\/emoistanbul.org\/emanet2021\/wp-json\/wp\/v2\/comments?post=2939"}],"version-history":[{"count":21,"href":"https:\/\/emoistanbul.org\/emanet2021\/wp-json\/wp\/v2\/pages\/2939\/revisions"}],"predecessor-version":[{"id":3141,"href":"https:\/\/emoistanbul.org\/emanet2021\/wp-json\/wp\/v2\/pages\/2939\/revisions\/3141"}],"wp:attachment":[{"href":"https:\/\/emoistanbul.org\/emanet2021\/wp-json\/wp\/v2\/media?parent=2939"}],"curies":[{"name":"wp","href":"https:\/\/api.w.org\/{rel}","templated":true}]}}