{"id":9,"date":"2015-12-02T10:51:51","date_gmt":"2015-12-02T07:51:51","guid":{"rendered":"http:\/\/theme-fusion.com\/avada\/university\/?page_id=9"},"modified":"2021-07-28T11:16:40","modified_gmt":"2021-07-28T08:16:40","slug":"amac-ve-kapsam","status":"publish","type":"page","link":"https:\/\/emoistanbul.org\/emanet2021\/amac-ve-kapsam\/","title":{"rendered":"AMA\u00c7 ve KAPSAM"},"content":{"rendered":"<div class=\"fusion-fullwidth fullwidth-box fusion-builder-row-1 fusion-flex-container nonhundred-percent-fullwidth non-hundred-percent-height-scrolling\" style=\"background-color: rgba(255,255,255,0);background-position: center center;background-repeat: no-repeat;border-width: 0px 0px 0px 0px;border-color:#e7e4e2;border-style:solid;\" ><div class=\"fusion-builder-row fusion-row fusion-flex-align-items-flex-start\" style=\"max-width:1331.2px;margin-left: calc(-4% \/ 2 );margin-right: calc(-4% \/ 2 );\"><div class=\"fusion-layout-column fusion_builder_column fusion-builder-column-0 fusion_builder_column_1_1 1_1 fusion-flex-column\"><div class=\"fusion-column-wrapper fusion-flex-justify-content-flex-start fusion-content-layout-column\" style=\"background-position:left top;background-repeat:no-repeat;-webkit-background-size:cover;-moz-background-size:cover;-o-background-size:cover;background-size:cover;padding: 0px 0px 0px 0px;\"><div class=\"fusion-text fusion-text-1\"><p><span style=\"background-color: rgba(255, 255, 255, 0); color: var(--body_typography-color); font-family: var(--body_typography-font-family); font-size: var(--body_typography-font-size); font-style: var(--body_typography-font-style,normal); font-weight: var(--body_typography-font-weight); letter-spacing: var(--body_typography-letter-spacing);\">Elektrik M\u00fchendisleri Odas\u0131 \u0130stanbul \u015eubesi, \u0130stanbul Tabip Odas\u0131 ve \u0130stanbul Barosu taraf\u0131ndan birlikte 12-13 Kas\u0131m 2021 tarihlerinde Elektromanyetik Alanlar ve Etkileri G\u00fcnleri (EMANET 2021) Etkinli\u011fi yap\u0131lacakt\u0131r.<\/span><\/p>\n<p>EMANET 2011 Sempozyumu \u201c\u00c7evre ve Halk Sa\u011fl\u0131\u011f\u0131 \u0130\u00e7in\u201d, EMANET 2013 Sempozyumu \u201c\u00c7evre ve \u0130nsan Sa\u011fl\u0131\u011f\u0131 \u0130\u00e7in\u201d ve Mersin\u2019de ger\u00e7ekle\u015fen EMANET 2015 Sempozyumu \u201cSa\u011fl\u0131kl\u0131 Yar\u0131nlar \u0130\u00e7in\u201d temalar\u0131 ile ger\u00e7ekle\u015fmi\u015fti. EMANET 2021 Etkinli\u011finde temam\u0131z \u201c\u00c7evre ve Halk Sa\u011fl\u0131\u011f\u0131 \u0130\u00e7in\u201d EMANET 2021 olacakt\u0131r.<\/p>\n<\/p>\n<p>EMANET 2011 ve EMANET 2013 Sempozyumlar\u0131nda payda\u015flar\u0131m\u0131z olarak \u0130stanbul Tabip Odas\u0131 ve \u0130stanbul Barosu yer alm\u0131\u015f ve de\u011ferli katk\u0131lar sunmu\u015flard\u0131r. \u0130zleyiciler taraf\u0131nda y\u00fcksek kat\u0131l\u0131ml\u0131 ve ilgi ile izlenen etkinliklerde akademisyenler, m\u00fchendisler, sa\u011fl\u0131k\u00e7\u0131lar, hukuk\u00e7ular ve sivil toplum kurulu\u015flar\u0131 vb. de\u011ferli bilgilerini izleyenler ve kamuoyu ile payla\u015fm\u0131\u015ft\u0131r. Bu etkinlikte de yine her \u00fc\u00e7 kurum d\u00fczenleyici ve payda\u015f olarak yer alacakt\u0131r.<\/p>\n<\/p>\n<p><strong>Elektrik M\u00fchendisleri Odas\u0131 (EMO), \u0130stanbul Tabip Odas\u0131 ve \u0130stanbul Barosu\u2019nun birlikte d\u00fczenleyece\u011fi bu etkinli\u011fin amac\u0131, \u00dcniversiteler \/ Kamu Kurumlar\u0131 \/ Sivil Toplum \u00d6rg\u00fctleri \/ Ki\u015filerin elektromanyetik alanlar\u0131n \u00e7evre ve halk sa\u011fl\u0131\u011f\u0131 \u00fczerine etkileri konusunda g\u00fcncel ve bilimsel bilgilerini, aralar\u0131nda ve toplumla payla\u015faca\u011f\u0131 ve tart\u0131\u015faca\u011f\u0131 bir ortam olu\u015fturmakt\u0131r<\/strong>.<\/p>\n<p>\u00c7evrim i\u00e7i olarak d\u00fczenlenecek EMANET 2021 etkinli\u011finde;<\/p>\n<ul>\n<li>Davetli ulusal, uluslararas\u0131 konu\u015fmac\u0131lar,<\/li>\n<li>Panel oturumlar\u0131,<\/li>\n<li>Hakem kurulunca de\u011ferlendirilerek kabul edilen bildiri oturumlar\u0131,<\/li>\n<li>K\u00fclt\u00fcr ve sanat etkinlikleri planlanmaktad\u0131r.<\/li>\n<\/ul>\n<p>EMANET 2021 Etkinli\u011fine kat\u0131l\u0131m\u0131n\u0131z\u0131, deste\u011finizi ve \u00f6nerilerinizi bekleriz.<\/p>\n<\/div><\/div><style type=\"text\/css\">.fusion-body .fusion-builder-column-0{width:100% !important;margin-top : 10px;margin-bottom : 10px;}.fusion-builder-column-0 > .fusion-column-wrapper {padding-top : 0px !important;padding-right : 0px !important;margin-right : 1.92%;padding-bottom : 0px !important;padding-left : 0px !important;margin-left : 1.92%;}@media only screen and (max-width:1024px) {.fusion-body .fusion-builder-column-0{width:100% !important;order : 0;}.fusion-builder-column-0 > .fusion-column-wrapper {margin-right : 1.92%;margin-left : 1.92%;}}@media only screen and (max-width:640px) {.fusion-body .fusion-builder-column-0{width:100% !important;order : 0;}.fusion-builder-column-0 > .fusion-column-wrapper {margin-right : 1.92%;margin-left : 1.92%;}}<\/style><\/div><\/div><style type=\"text\/css\">.fusion-body .fusion-flex-container.fusion-builder-row-1{ padding-top : 0px;margin-top : 3%;padding-right : 0px;padding-bottom : 0px;margin-bottom : 0px;padding-left : 0px;}<\/style><\/div>\n","protected":false},"excerpt":{"rendered":"","protected":false},"author":1,"featured_media":0,"parent":0,"menu_order":0,"comment_status":"closed","ping_status":"closed","template":"100-width.php","meta":{"footnotes":""},"class_list":["post-9","page","type-page","status-publish","hentry"],"_links":{"self":[{"href":"https:\/\/emoistanbul.org\/emanet2021\/wp-json\/wp\/v2\/pages\/9","targetHints":{"allow":["GET"]}}],"collection":[{"href":"https:\/\/emoistanbul.org\/emanet2021\/wp-json\/wp\/v2\/pages"}],"about":[{"href":"https:\/\/emoistanbul.org\/emanet2021\/wp-json\/wp\/v2\/types\/page"}],"author":[{"embeddable":true,"href":"https:\/\/emoistanbul.org\/emanet2021\/wp-json\/wp\/v2\/users\/1"}],"replies":[{"embeddable":true,"href":"https:\/\/emoistanbul.org\/emanet2021\/wp-json\/wp\/v2\/comments?post=9"}],"version-history":[{"count":7,"href":"https:\/\/emoistanbul.org\/emanet2021\/wp-json\/wp\/v2\/pages\/9\/revisions"}],"predecessor-version":[{"id":2600,"href":"https:\/\/emoistanbul.org\/emanet2021\/wp-json\/wp\/v2\/pages\/9\/revisions\/2600"}],"wp:attachment":[{"href":"https:\/\/emoistanbul.org\/emanet2021\/wp-json\/wp\/v2\/media?parent=9"}],"curies":[{"name":"wp","href":"https:\/\/api.w.org\/{rel}","templated":true}]}}

AMAÇ ve KAPSAM

<div class="fusion-fullwidth fullwidth-box fusion-builder-row-1 fusion-flex-container nonhundred-percent-fullwidth non-hundred-percent-height-scrolling" style="background-color: rgba(255,255,255,0);background-position: center center;background-repeat: no-repeat;border-width: 0px 0px 0px 0px;border-color:#e7e4e2;border-style:solid;" ><div class="fusion-builder-row fusion-row fusion-flex-align-items-flex-start" style="max-width:1331.2px;margin-left: calc(-4% / 2 );margin-right: calc(-4% / 2 );"><div class="fusion-layout-column fusion_builder_column fusion-builder-column-0 fusion_builder_column_1_1 1_1 fusion-flex-column"><div class="fusion-column-wrapper fusion-flex-justify-content-flex-start fusion-content-layout-column" style="background-position:left top;background-repeat:no-repeat;-webkit-background-size:cover;-moz-background-size:cover;-o-background-size:cover;background-size:cover;padding: 0px 0px 0px 0px;"><div class="fusion-text fusion-text-1"><p><span style="background-color: rgba(255, 255, 255, 0); color: var(--body_typography-color); font-family: var(--body_typography-font-family); font-size: var(--body_typography-font-size); font-style: var(--body_typography-font-style,normal); font-weight: var(--body_typography-font-weight); letter-spacing: var(--body_typography-letter-spacing);">Elektrik Mühendisleri Odası İstanbul Şubesi, İstanbul Tabip Odası ve İstanbul Barosu tarafından birlikte 12-13 Kasım 2021 tarihlerinde Elektromanyetik Alanlar ve Etkileri Günleri (EMANET 2021) Etkinliği yapılacaktır.</span></p>
<p>EMANET 2011 Sempozyumu “Çevre ve Halk Sağlığı İçin”, EMANET 2013 Sempozyumu “Çevre ve İnsan Sağlığı İçin” ve Mersin’de gerçekleşen EMANET 2015 Sempozyumu “Sağlıklı Yarınlar İçin” temaları ile gerçekleşmişti. EMANET 2021 Etkinliğinde temamız “Çevre ve Halk Sağlığı İçin” EMANET 2021 olacaktır.</p>
</p>
<p>EMANET 2011 ve EMANET 2013 Sempozyumlarında paydaşlarımız olarak İstanbul Tabip Odası ve İstanbul Barosu yer almış ve değerli katkılar sunmuşlardır. İzleyiciler tarafında yüksek katılımlı ve ilgi ile izlenen etkinliklerde akademisyenler, mühendisler, sağlıkçılar, hukukçular ve sivil toplum kuruluşları vb. değerli bilgilerini izleyenler ve kamuoyu ile paylaşmıştır. Bu etkinlikte de yine her üç kurum düzenleyici ve paydaş olarak yer alacaktır.</p>
</p>
<p><strong>Elektrik Mühendisleri Odası (EMO), İstanbul Tabip Odası ve İstanbul Barosu’nun birlikte düzenleyeceği bu etkinliğin amacı, Üniversiteler / Kamu Kurumları / Sivil Toplum Örgütleri / Kişilerin elektromanyetik alanların çevre ve halk sağlığı üzerine etkileri konusunda güncel ve bilimsel bilgilerini, aralarında ve toplumla paylaşacağı ve tartışacağı bir ortam oluşturmaktır</strong>.</p>
<p>Çevrim içi olarak düzenlenecek EMANET 2021 etkinliğinde;</p>
<ul>
<li>Davetli ulusal, uluslararası konuşmacılar,</li>
<li>Panel oturumları,</li>
<li>Hakem kurulunca değerlendirilerek kabul edilen bildiri oturumları,</li>
<li>Kültür ve sanat etkinlikleri planlanmaktadır.</li>
</ul>
<p>EMANET 2021 Etkinliğine katılımınızı, desteğinizi ve önerilerinizi bekleriz.</p>
</div></div><style type="text/css">.fusion-body .fusion-builder-column-0{width:100% !important;margin-top : 10px;margin-bottom : 10px;}.fusion-builder-column-0 > .fusion-column-wrapper {padding-top : 0px !important;padding-right : 0px !important;margin-right : 1.92%;padding-bottom : 0px !important;padding-left : 0px !important;margin-left : 1.92%;}@media only screen and (max-width:1024px) {.fusion-body .fusion-builder-column-0{width:100% !important;order : 0;}.fusion-builder-column-0 > .fusion-column-wrapper {margin-right : 1.92%;margin-left : 1.92%;}}@media only screen and (max-width:640px) {.fusion-body .fusion-builder-column-0{width:100% !important;order : 0;}.fusion-builder-column-0 > .fusion-column-wrapper {margin-right : 1.92%;margin-left : 1.92%;}}</style></div></div><style type="text/css">.fusion-body .fusion-flex-container.fusion-builder-row-1{ padding-top : 0px;margin-top : 3%;padding-right : 0px;padding-bottom : 0px;margin-bottom : 0px;padding-left : 0px;}</style></div>
